 468685 is divided by 29287?
93
What is the remainder when 17344 is divided by 517?
283
Calculate the remainder when 168472120 is divided by 56157370.
10
Calculate the remainder when 9550107 is divided by 2586.
9
What is the remainder when 2330584 is divided by 6117?
7
Calculate the remainder when 1679041328 is divided by 10.
8
Calculate the remainder when 351743123 is divided by 8.
3
Calculate the remainder when 45442825 is divided by 34.
23
Calculate the remainder when 409270 is divided by 3410.
70
Calculate the remainder when 4475 is divided by 1992.
491
Calculate the remainder when 38132407 is divided by 3610.
3587
Calculate the remainder when 954935 is divided by 266.
261
What is the remainder when 377547306 is divided by 35?
31
What is the remainder when 15127824 is divided by 102?
0
What is the remainder when 2003666 is divided by 1482?
2
Calculate the remainder when 22796 is divided by 3798.
8
What is the remainder when 50136 is divided by 7032?
912
What is the remainder when 18383160 is divided by 717?
714
What is the remainder when 719444840 is divided by 12?
8
What is the remainder when 12250 is divided by 797?
295
What is the remainder when 1196859 is divided by 3520?
59
What is the remainder when 112317 is divided by 50?
17
What is the remainder when 111178 is divided by 131?
90
What is the remainder when 1647525 is divided by 729?
714
Calculate the remainder when 5148153 is divided by 205922.
103
What is the remainder when 400581 is divided by 16624?
1605
What is the remainder when 307946 is divided by 153882?
182
What is the remainder when 618883 is divided by 51566?
91
What is the remainder when 24166727 is divided by 313?
310
What is the remainder when 1795574 is divided by 598521?
11
Calculate the remainder when 6609 is divided by 6353.
256
Calculate the remainder when 2905421 is divided by 13.
12
What is the remainder when 21855888 is divided by 21855625?
263
Calculate the remainder when 205980 is divided by 5564.
112
What is the remainder when 50528635 is divided by 760?
35
What is the remainder when 40273803 is divided by 10068445?
23
What is the remainder when 12016120 is divided by 3004029?
4
What is the remainder when 11650923 is divided by 97091?
3
Calculate the remainder when 155642 is divided by 76811.
2020
What is the remainder when 11933819 is divided by 18?
17
What is the remainder when 46512 is divided by 1245?
447
What is the remainder when 2093817717 is divided by 1259?
1256
Calculate the remainder when 39083 is divided by 35865.
3218
What is the remainder when 244731 is divided by 122352?
27
What is the remainder when 23753924 is divided by 1045?
29
Calculate the remainder when 1927270 is divided by 197.
19
Calculate the remainder when 51448 is divided by 4660.
188
Calculate the remainder when 495471 is divided by 374.
295
Calculate the remainder when 31591616 is divided by 31372.
12
What is the remainder when 26858380 is divided by 726?
10
Calculate the remainder when 104301 is divided by 9481.
10
What is the remainder when 1849772 is divided by 4489?
304
Calculate the remainder when 603412 is divided by 288.
52
Calculate the remainder when 379983 is divided by 1743.
9
What is the remainder when 57259922 is divided by 56?
34
What is the remainder when 53844375 is divided by 780353?
18
Calculate the remainder when 294852 is divided by 73711.
8
What is the remainder when 3159767 is divided by 50155?
2
Calculate the remainder when 25373080 is divided by 98.
96
Calculate the remainder when 10096866 is divided by 86.
36
What is the remainder when 81810830 is divided by 30?
20
What is the remainder when 1187999 is divided by 2184?
2087
Calculate the remainder when 41873 is divided by 20698.
477
What is the remainder when 131244296 is divided by 1077?
1076
What is the remainder when 15545251 is divided by 1970?
1951
What is the remainder when 4046415 is divided by 6988?
363
What is the remainder when 1163013 is divided by 1155?
1083
Calculate the remainder when 29776 is divided by 4399.
3382
What is the remainder when 171035 is divided by 3230?
3075
What is the remainder when 21140 is divided by 1849?
801
What is the remainder when 681601 is divided by 10485?
76
What is the remainder when 210814 is divided by 4303?
4270
Calculate the remainder when 257594 is divided by 70.
64
What is the remainder when 4152652 is divided by 198?
196
Calculate the remainder when 136898 is divided by 4859.
846
What is the remainder when 683044 is divided by 9899?
13
What is the remainder when 26801308 is divided by 1370?
1368
Calculate the remainder when 11787303 is divided by 4821.
4779
Calculate the remainder when 1963639 is divided by 109081.
181
Calculate the remainder when 620295 is divided by 3087.
2895
What is the remainder when 16412 is divided by 5113?
1073
What is the remainder when 61694 is divided by 1281?
206
What is the remainder when 4075809 is divided by 554?
31
Calculate the remainder when 10816139 is divided by 20.
19
What is the remainder when 15965735 is divided by 3?
2
Calculate the remainder when 1900069 is divided by 475017.
1
Calculate the remainder when 85238 is divided by 2718.
980
Calculate the remainder when 146039 is divided by 354.
191
Calculate the remainder when 782050 is divided by 18186.
52
Calculate the remainder when 15801766 is divided by 456.
454
Calculate the remainder when 1134490 is divided by 51.
46
What is the remainder when 843207 is divided by 21080?
7
What is the remainder when 153680 is divided by 38280?
560
What is the remainder when 100088 is divided by 16532?
896
What is the remainder when 39448203 is divided by 264?
3
What is the remainder when 294231 is divided by 1098?
1065
Calculate the remainder when 32826 is divided by 13900.
5026
Calculate the remainder when 9887243 is divided by 353112.
107
Calculate the remainder when 5397 is divided by 75.
72
What is the remainder when 763460 is divided by 76328?
180
Calculate the remainder when 9351 is divided by 1862.
41
Calculate the remainder when 532604 is divided by 76001.
597
Calculate the remainder when 21695453 is divided by 278.
55
What is the remainder when 5192599 is divided by 370?
19
Calculate the remainder when 124352626 is divided by 69.
67
What is the remainder when 151928623 is divided by 1489?
1486
Calculate the remainder when 26109926 is divided by 26.
24
Calculate the remainder when 37305381 is divided by 304.
21
Calculate the remainder when 197989 is divided by 39221.
1884
What is the remainder when 273472 is divided by 324?
16
What is the remainder when 455170 is divided by 1739?
1291
What is the remainder when 9869682 is divided by 486?
480
Calculate the remainder when 43088 is divided by 2876.
2824
What is the remainder when 9698310 is divided by 3936?
6
What is the remainder when 2042634 is divided by 14803?
14623
Calculate the remainder when 10990 is divided by 10818.
172
What is the remainder when 14657 is divided by 624?
305
Calculate the remainder when 2667094 is divided by 2013.
1882
Calculate the remainder when 2443942 is divided by 222176.
6
What is the remainder when 73934 is divided by 13?
3
What is the remainder when 1423504 is divided by 210?
124
Calculate the remainder when 124108 is divided by 277.
12
Calculate the remainder when 157910255 is divided by 2844.
2843
What is the remainder when 468138 is divided by 234064?
10
What is the remainder when 1708314 is divided by 1515?
909
Calculate the remainder when 12735 is divided by 202.
9
What is the remainder when 1906739 is divided by 6909?
6764
Calculate the remainder when 852650 is divided by 5763.
5489
What is the remainder when 384760 is divided by 128253?
1
Calculate the remainder when 102915 is divided by 50800.
1315
Calculate the remainder when 50857 is divided by 9514.
3287
Calculate the remainder when 10328297 is divided by 111056.
89
What is the remainder when 590578 is divided by 590573?
5
What is the remainder when 563461887 is divided by 31?
28
Calculate the remainder when 138449 is divided by 138446.
3
Calculate the remainder when 183941 is divided by 26266.
79
Calculate the remainder when 5171 is divided by 1509.
644
Calculate the remainder when 12976 is divided by 1433.
79
What is the remainder when 952741 is divided by 317541?
118
Wha